ose 5*u + 4 - 75 = -4*i, -i - u + 17 = 0. What is the remainder when s is divided by i?
12
What is the remainder when (-1184)/(-64) - 20/40*1*-3 is divided by 1 - -4 - (-2)/(-2)?
0
Suppose 0 = 4*u + 2*a + 16, -u + a - 8 = u. Let z(t) = -5*t + 3. Let d be z(u). Let q = d + -16. What is the remainder when 25 is divided by q?
4
Let u = -75 + 488. What is the remainder when u is divided by 38?
33
Let z = -765 + 803. What is the remainder when z is divided by 4?
2
Let l = 410 + -398. Calculate the remainder when (31 - -3) + 1 + 0 is divided by l.
11
Let v(l) = -2*l**2 + 5*l + 3. Let a be v(4). Let n = a + 18. Calculate the remainder when 62 is divided by n.
8
Suppose 0 = -2*k + 451 - 203. What is the remainder when 2106 is divided by k?
122
Let q(v) = -3*v + 19. What is the remainder when q(-2) is divided by 8?
1
Let n(f) = f**3 + 22*f**2 + 35*f - 28. What is the remainder when 502 is divided by n(-20)?
70
Let o(t) = -t + 1. Let v be o(-18). Let g = v + -25. Let s(r) = -r + 2. Calculate the remainder when s(g) is divided by 5.
3
Let a = 296 + -210. Let m be 2 + -43 + 0 + 2. Let z = a + m. Calculate the remainder when z is divided by 16.
15
Let d = -53 + 17. Let n(o) = 6*o**2 - 4. Let z be n(4). Let f = d + z. What is the remainder when f is divided by 19?
18
Suppose 21*k + 357 = 28*k. Let u = k - 17. Calculate the remainder when 66 is divided by u.
32
Let d(n) = -n**3 + 7*n**2 - 7*n + 4. Let i be d(6). Calculate the remainder when -17*(2205/(-153) - -14) is divided by (i - -1)*-2 + 1.
1
What is the remainder when 86 is divided by (2/(-6)*2)/(9/(-297))?
20
Let p be 4/(-6) - (-2)/3. Let x = p - -8. Suppose -9*a + 11*a - 60 = 0. What is the remainder when a is divided by x?
6
Let z = 1 + -11. Let n be (12/z)/(1/(-20)). Let r = n + -19. What is the remainder when r is divided by 4?
1
Suppose -4*g - 3*s = -72, g + 0*s = -4*s + 31. What is the remainder when -1 + 0 + -1 + 25 is divided by 72/g*((-14)/(-4) + -1)?
11
Suppose 0 = -5*z - 3*y - 48 + 235, 4*y - 191 = -5*z. What is the remainder when (-3*8/24*-274)/2 is divided by z?
32
Suppose 324 = 30*g - 21*g. Let v(l) = l**2 + 0*l**2 - 2*l**2 - l - 1 - 14*l**3. What is the remainder when g is divided by v(-1)?
10
Let f = -11 - -22. Let k = -5 + f. Let l = 1485 + -1474. Calculate the remainder when l is divided by k.
5
Let u be ((-3)/1 - -2) + 3. Suppose 7*k = u*k + 30. Calculate the remainder when ((-27)/k)/((-2)/12) is divided by 15.
12
Let m(k) = 0 + 4 - 5*k - 3*k. What is the remainder when m(-6) is divided by (-232)/(-13) - 2*1/(-13)?
16
Let s = 15 - 3. Let g = 22 - 16. Let x = 16 + g. What is the remainder when x is divided by s?
10
Let u(s) = 21*s + 1. Let x = 200 - 195. Calculate the remainder when u(1) is divided by x.
2
Suppose -7 = 4*v - 59. Let a be (-1502)/(-6) - 10/(-15). Suppose -4*t = t + 2*s - a, -5*s - 112 = -2*t. Calculate the remainder when t is divided by v.
12
What is the remainder when (-13794)/(-154) - 12/21 is divided by 21?
5
What is the remainder when (3/((-18)/52))/((-48)/288) is divided by 8?
4
Suppose -d = 3*p - 24, p + 156 = 5*d - 2*p. Calculate the remainder when d is divided by 7469/485 + (-12)/(-20).
14
Suppose -8*v = 5*v - 65. Suppose -v*p + p = -588. What is the remainder when p is divided by 50?
47
Let q(b) = b**2 - 20*b + 96. Calculate the remainder when 405 is divided by q(6).
9
Suppose r + 1 = 26. Calculate the remainder when (-8 - -9)*98/1 is divided by r.
23
Let f(b) = 23*b**3 + b**2 - b + 1. Calculate the remainder when 115 is divided by f(1).
19
Suppose 34 + 13 = 3*s + 4*a, -4*a + 60 = 4*s. What is the remainder when 47 is divided by s?
8
Suppose 3*q + 3 = -0. Suppose -9 = -j + 4*l - l, -5*j - l + 13 = 0. Let b = j - q. Calculate the remainder when 10 is divided by b.
2
Let s(y) = 3*y**2 + 12*y + 7. Let k be s(-4). Let g(t) = 10*t - 57. Calculate the remainder when 36 is divided by g(k).
10
Suppose -3*v + 122 = -4*d, 2*d + 5 = d. What is the remainder when v is divided by 6?
4
Let f(v) = 6*v**2 - 2*v - 122. Calculate the remainder when f(12) is divided by 48.
46
Let j(a) = -a**2 + 5*a - 2. Let g be j(4). Let s(b) = -3*b + b**2 - g*b**2 + 0*b + 5 + 10*b. What is the remainder when 67 is divided by s(4)?
16
Suppose -4*t + 22 + 42 = 0. Let y(j) = 9*j**3 - 2*j**2 - 14*j + 27. What is the remainder when y(2) is divided by t?
15
Suppose 6*w = w + 4*i + 274, 2*i = -w + 52. Calculate the remainder when w is divided by 25.
4
What is the remainder when 150 is divided by -1*(40 - -3)*-2 + -6?
70
Calculate the remainder when (1 + 0/3)/((-4)/(-140)) is divided by 6.
5
Suppose 0*v + v = 0. Suppose -2*t + 3*t - 5 = v. Suppose 2*n = 3*h - 45, n + t = h - 3*n. What is the remainder when h is divided by 5?
2
Let k(y) be the second derivative of y**5/20 + y**4/6 - y**3/3 + 5*y**2 - 52*y. What is the remainder when k(3) is divided by 26?
23
Let d = -2041 + 2174. Calculate the remainder when 254 is divided by d.
121
Let k = 146 - 47. Suppose -7*h + k = -545. What is the remainder when h is divided by 19?
16
Suppose 48 - 138 = -3*a. Suppose -3*x + 8 = -2*o + 48, -4*x + 146 = 5*o. Let f = o + -18. Calculate the remainder when a is divided by f.
6
Let i = 33 + -72. Let s = i - -51. Suppose 5*z - 70 - 160 = 0. Calculate the remainder when z is divided by s.
10
Suppose 4*z + 246 + 27 = 5*d, -66 = -d - 3*z. What is the remainder when 212 is divided by d?
41
Let a = -47 + 29. Calculate the remainder when ((-356)/(-6))/((-12)/a) is divided by 7.
5
Let v = 19 + -8. Calculate the remainder when 6/4*((-504)/(-27) - 6) is divided by v.
8
Suppose 3*v - 19 = -4*a, -a = 3*a + 8. Let i = 163 - 84. Let t = i + -54. Calculate the remainder when t is divided by v.
7
Suppose 5*d - 7 = 2*a, -2*a + 4*d - 8 - 2 = 0. Let q be (-8020)/(-55) - 2/a. Suppose 4*i = -q + 478. Calculate the remainder when i is divided by 14.
13
Suppose 3*j = 6*j - 18. Calculate the remainder when 15 is divided by j.
3
What is the remainder when 2/(-4)*(1 + -37) is divided by (4/(-3))/((-63)/567)?
6
Suppose -8*r - 15 = -13*r. Suppose -r*s - 5*b + 133 = 47, -4*s + 118 = 5*b. Calculate the remainder when s is divided by 9.
5
Let h be -2 + 4 - (1 + -1). Suppose -3*r + 13 + 13 = -4*i, 2*i = h*r - 14. What is the remainder when ((3 + 301)/4)/r is divided by 13?
12
Suppose 5*p = p - 3*o + 47, -26 = -p + 4*o. What is the remainder when p is divided by 11?
3
Suppose 3*n + 3*a - 216 = 0, -4*n - 4*a + 355 = n. What is the remainder when n is divided by 34?
33
Suppose -u = -5*w + 78, 3*w = -9*u + 5*u + 33. Suppose -5*g - 4*x + 412 = w, -3*x - 168 = -2*g. What is the remainder when g is divided by 43?
38
What is the remainder when 110 is divided by 15/9*156/65?
2
Let s be -150*1/(-2)*-1. Let j = 53 + s. Let y = j - -34. Calculate the remainder when 44 is divided by y.
8
Let k = 35 - -36. What is the remainder when k is divided by ((-6)/(-15))/((-1)/(-20))?
7
Suppose -17 + 187 = 17*t. What is the remainder when 13 is divided by t?
3
Suppose -6*f = -5*f - 23. Suppose 2*o = 5*o - 2*t - 16, -o = 5*t + f. Calculate the remainder when 13 is divided by (-2 + 8)/2 + o.
3
What is the remainder when (-38)/(-95) - 294/(-15) is divided by 9?
2
Let x = -921 - -1223. What is the remainder when x is divided by 76?
74
Let s = -9 + 20. Suppose 3*l - 4*h = h + 20, -2*h - 27 = -5*l. Let c(a) = a**3 - 4*a**2 + 7. Calculate the remainder when c(l) is divided by s.
10
Suppose 82*y = -4*l + 86*y + 824, -2*l + 388 = 4*y. What is the remainder when l is divided by 26?
20
Let u(d) = -d - 7. Let y = 4 - -12. Let a be u(y). Let x = a + 27. Calculate the remainder when 8 is divided by x.
0
Let c be (-2 - -3) + (-4)/(-1). Let o be 1/c + 48/10. Suppose 0 = -3*i + o + 4. What is the remainder when 8 is divided by i?
2
Let f = 755 - 699. What is the remainder when 172 is divided by f?
4
Suppose u + 2 - 33 = 0. Calculate the remainder when 244 is divided by u.
27
Let s = -348 + 369. Calculate the remainder when 152 is divided by s.
5
Suppose 0 = 5*i - 2*t - 1798, -3*i + t + 834 = -244. What is the remainder when i is divided by 18?
16
Let a(g) = -g**3 - 6*g**2 + 3*g - 9. Calculate the remainder when a(-7) is divided by (-8)/(-2) + 4 - 8/(-4).
9
Let o be (-1 + 2)/((-1)/(-3)). Let a(y) be the first derivative of y**4/2 - 5*y**3/3 + 2*y**2 - 2*y + 111. Calculate the remainder 